7
Let u be 1 + -5 + (12*4 - 4). What is the hundreds digit of ((-3945)/10)/((-15)/u)?
0
Suppose -2*z = 3*z + 4*q - 2280, -5*z = 2*q - 2280. Suppose -t + 51 = 47. Suppose 4*m + 0*m - 464 = -t*g, 4*m + 2*g - z = 0. What is the units digit of m?
2
Let u = -33 + 13. Let x be 1/3*u/(-15)*9. Suppose -x = -8*w + 932. What is the tens digit of w?
1
Suppose -105*t + 466003 = -82*t. What is the tens digit of t?
6
Suppose 108*k - 101*k = 4704. Suppose 0 = 4*b + 5*r - 2497, 2*r - k + 1934 = 2*b. What is the tens digit of b?
2
Suppose 5*m - 444*i - 170250 = -449*i, -3*i = 15. What is the hundreds digit of m?
0
Suppose -2*d = 3*s - 8445, s - 26*d - 2799 = -24*d. What is the units digit of s?
1
Suppose 131*p - 309120 = 124*p. Suppose p = 21*v + 19*v. What is the hundreds digit of v?
1
Let c(s) = 262*s - 1 - 246*s - 9 + 3. Let x be c(-13). Let m = x - -346. What is the units digit of m?
1
Suppose 0 = n, -3*n + 8*n = -5*d + 42800. Suppose 6*u + 1378 = d. What is the hundreds digit of u?
1
What is the ten thousands digit of (-4)/6 - ((-133676)/138)/((-4)/(-70))?
1
Let t be ((-12)/10)/(9*1/(-75)). Let j(x) = x**2 + 6*x - 3. What is the units digit of j(t)?
7
Suppose 23*a + 27 = d + 25*a, 0 = 4*a + 8. Suppose -4*b = 5*v - 2, 2*b + 0*v = -5*v - 4. What is the tens digit of (4 - b)*d*5?
5
Let a be (4/6)/(768/(-387) - -2). Let k = 65 - a. Let b = 13 + k. What is the tens digit of b?
3
Let u be -2 + (1 + 1)*1. Let o(v) = -4*v + 80. Let p be o(-7). Suppose u = i + 3 - p. What is the units digit of i?
5
Let q(p) = 41*p + 372. Let s be q(-9). Suppose o = 2*m + 2*m + 1168, 2*o + s*m - 2336 = 0. What is the thousands digit of o?
1
Suppose x = 1466 + 5710 + 8134. What is the units digit of x?
0
Let r = -5288 - -5543. What is the units digit of r?
5
Let u(z) = 3*z**2 + 7*z + 3. Let n be u(-3). Let a be -1 + 3/n - 70/(-6). Suppose a*o - 6*o = 40. What is the units digit of o?
8
Let z = 13829 - -4523. What is the thousands digit of z?
8
Let t = 130 + 0. What is the tens digit of (126 - t) + 1151*1 + -1?
4
Let x(r) = r**3 - 7*r**2 - 5*r + 31. Suppose -7*u + 64 - 8 = 0. What is the units digit of x(u)?
5
Let p(z) = 11*z - 1. Let a be p(1). Suppose a*q = 6*q - 12. What is the tens digit of -3*q/(-3) + 87?
8
Suppose 4*a + 16324 = 2*x, x - 393*a + 394*a - 8165 = 0. What is the tens digit of x?
6
Let l = 953 - 949. Suppose -l*g + 19515 = 11*g. What is the thousands digit of g?
1
Let w be (-15)/6*(-5516)/5. Suppose -32*s = -18*s - w. What is the hundreds digit of s?
1
Let x(z) = -1398*z - 7046. What is the hundreds digit of x(-24)?
5
Let c(r) be the third derivative of 91*r**5/5 - r**3/6 - r**2 - 46*r. What is the hundreds digit of c(-1)?
0
Let g(b) = -80*b - 28*b + 1 + 7 + 13*b. Let z = -923 + 921. What is the hundreds digit of g(z)?
1
Let n = 7465 + -4283. What is the tens digit of n?
8
Suppose -13*y = 4*f - 12*y - 207305, 5*y = -f + 51850. What is the thousands digit of f?
1
Let z be 1802/374 + (-2)/(-11). What is the units digit of z*((-2121)/(-35) + -5)?
8
Let k(z) = -z**3 - 27*z**2 - 28*z - 48. Let h be k(-26). Suppose 3635 = h*n + x, 0*n - 1810 = -2*n + 2*x. What is the units digit of n?
8
Let b(k) = -k**2 + 6*k**3 + 6*k - 4*k**2 - 3*k**3 - k**3 - 6. Let m be 6/(7/(14/4)). What is the tens digit of b(m)?
2
Suppose 37*g - 50*g = -92898. What is the thousands digit of g?
7
Suppose 5*n = n + 56. Let s = 20 - n. Let t(z) = 4*z**2 + 2*z + 4. What is the tens digit of t(s)?
6
Let o be 2 + (-22)/(-8) + 12/(-16). Suppose -6 - o = -2*q + k, 0 = -4*q + 3*k + 22. Suppose -v + 348 = 3*v - 4*b, -v = -q*b - 96. What is the tens digit of v?
8
Suppose -4*p + 3*u = -6443 - 586, 0 = 3*u - 3. Suppose 6 = -z + 4, -2*v - z + p = 0. What is the hundreds digit of v?
8
Let m = -1542 - -2327. Suppose 4 = 4*p, 5*d - m = -2*p - 18. What is the tens digit of d?
5
Suppose -133 = -28*w + 9*w. Suppose 1165 + 109 = w*v. What is the tens digit of v?
8
Suppose -3*i + 800*j + 55077 = 801*j, 5*i - 5*j - 91755 = 0. What is the units digit of i?
7
What is the hundreds digit of (-1)/(-2) + 548910/12 + -1?
7
Let o be 5/(10/28)*(-4)/(-14). Suppose 29 = o*i + 9. Suppose 168 + 442 = i*j. What is the tens digit of j?
2
Suppose -32659 = -3*o - 4*x, -134*o - 5*x - 21788 = -136*o. What is the tens digit of o?
8
What is the hundreds digit of (6*24116/(-120))/(1/(-5))?
0
Let g(u) = 5*u + 30 + u - 8*u - 7*u. Let c(w) = 26*w - 89. Let s(k) = 6*c(k) + 17*g(k). What is the tens digit of s(13)?
1
Suppose 35*c - 1032 = -8*c. Let n(r) = 13*r + 245. What is the tens digit of n(c)?
5
What is the units digit of ((-62)/(-6))/(((-1290)/(-270))/43)?
3
Let q = -134505 + 199652. What is the hundreds digit of q?
1
Let j be 872/20*1*10. Let r = j - 204. Suppose 0 = -4*q + m + 241 + 75, -2*m = -3*q + r. What is the tens digit of q?
8
Suppose 21*a + 20*a - 3346 = 34*a. What is the tens digit of a?
7
Suppose 7*j = -8*j + 72*j - 1722768. What is the units digit of j?
4
Let h be (2 + 0)/(84/(-294)). What is the hundreds digit of (2308/3)/(h*14/(-147))?
1
Let b = 74 - 76. Let k be (((-140)/(-15))/7)/(b/(-18)). Suppose -142 = -13*j + k*j. What is the units digit of j?
2
Suppose f - 9 = 2*u, -1 = -u - 4. Suppose -2*w - f*w - 888 = -2*x, -w - 1740 = -4*x. What is the hundreds digit of x?
4
Let f = 840 - 672. Let d = 820 + f. What is the tens digit of d?
8
Let u be (-4)/32*2 + (-954)/(-8). Let g(b) = 4*b**2 - 5*b - 5. Let l be g(-3). Let h = u - l. What is the tens digit of h?
7
Let b(c) = -c**3 - 7*c**2 + 16*c - 7. Let t be b(-9). Suppose -8*h - 27 = -t. What is the tens digit of 3 + (72 - h - 2)?
7
Suppose 27*d - 19*d - 16 = 0. Suppose -147 = d*u - 3*u. What is the tens digit of u?
4
Suppose -3*m + 0*m + 21 = 0. Suppose 5*q + 3*x - m = 0, -3*x + 1 = 3*q + 2*x. Suppose -68 = 4*k - 2*c - 990, -3*c = q*k - 457. What is the units digit of k?
0
Suppose i + 47 - 861 = o, 3*i - 2*o - 2445 = 0. What is the units digit of i?
7
Let k be (2 + 1 - 4)*-59. Suppose 0 = k*h - 74*h + 11655. What is the hundreds digit of h?
7
Let m be (-2)/(-1) - (-5 - 2). Let t(l) = -10*l + 36. Let z(f) = -4*f + 18. Let r(q) = -3*t(q) + 5*z(q). What is the tens digit of r(m)?
7
Let t be (1 - (-4)/2)*2. Let c(o) = 20 - 82*o + 34*o + 23*o + 34*o. What is the units digit of c(t)?
4
Suppose -2*j = -1393 + 703. Let r = 1081 - j. What is the units digit of r?
6
Suppose -3*v - 2*v - 90 = 0. Suppose 0 = -2*j - 3*h + 41, -17 = -j - 2*h - 3*h. Let l = j + v. What is the units digit of l?
4
Let g(u) = u**3 - 10*u**2 - 23*u - 1. Let v be g(12). Suppose -v*j + 92 = -755. What is the units digit of j?
7
Let s be 29000/(-175) - (1 + 5/(-7)). What is the units digit of (4 - (-45)/(-6))*s?
1
Suppose 0 = -527*o + 24752801 - 1761372. What is the units digit of o?
7
Suppose -5*f + 5 = -5*t, f + 3*t - 47 = -26. What is the units digit of (-8)/f + (0 - 7180/(-12))?
7
Suppose 16*y - 79 = 113. Let s(o) = 23*o - 56. What is the units digit of s(y)?
0
Suppose l - 1 + 3 = 0, -s + 4*l = -13. Suppose 2*m = 3*a + 520, 0 = m - s*a - 0*a - 274. What is the units digit of m?
4
Let y(p) = -133*p**3 + p + 1. Let l be y(-2). Suppose -4*c = -v + 333, -3*v + 9*c - 13*c + l = 0. What is the hundreds digit of v?
3
Suppose 5*x - 29 = l, 76*x = -2*l + 77*x - 13. Let q(h) = -h**3 + 5*h**2 - 3*h - 1. Let n be q(5). What is the tens digit of n*(-9)/(-6)*l?
9
Suppose k = 3*s - 6 - 20, 3*k = -5*s - 8. What is the hundreds digit of (-2 - k) + 1136 + -60?
0
Let r be 4 - 1 - ((6 - 3) + -43). Let q = r + -123. What is the units digit of ((-9)/4)/(12/q)?
5
Suppose -5*g - 1325 = -o, 5*o + 850 = -5*g - 505. Suppose 0 = -0*j - 5*j + 3*f + 26, 0 = -4*j - 3*f + 10. What is the hundreds digit of (-5 - (-5 - -2))*g/j?
1
Let n = 3256 + -2012. Let t = n - 884. Let z = -236 + t. What is the hundreds digit of z?
1
Let x = 17354 + 10868. What is the tens digit of x?
2
Let d = -36718 + 68299. What is the units digit of d/(-22)*(-8)/6?
4
Let o(f) = -f**2 + 49*f + 51. What is the hundreds digit of o(16)?
5
Let o = -747 - -1415. What is the units digit of o?
8
Let i(g) = -30*g**2 + 14. Let k be i(-4). Let u = 683 + k. What is the units digit of u?
7
Suppose 3*v + 2 = h - 1, 3 = -2*h - 3*v. Suppose h = 3*p + r - 973, 3*r - r - 968 = -3*p. What is the tens digit of p?
2
Let y = -9 - -4. Let x be 4*(y/(-10) + -4). What is the units digit of (-48